. Suppose -4*m = m + o*b - 68, m = -2*b + 16. What is the units digit of m?
2
Suppose 2*y = -2*n - 2*n + 90, 125 = 5*n + 5*y. What is the units digit of n?
0
Let z = 15 - 14. What is the units digit of (-54)/(-6) + 2*z?
1
Suppose -2*v + 10 = 3*c + 2, 2*v - 8 = -c. Suppose 5*s = -c*o + o + 29, -o = 4. What is the units digit of s?
5
Let a(x) = x**3 + 5*x**2 + 2*x**2 + 3*x - 2 - x**2. Suppose -22 = 2*g + 4*p, 3*g - 10 = g + 4*p. What is the tens digit of a(g)?
1
Suppose 0 = 2*p + 14 - 70. Let c = p - 13. What is the units digit of c?
5
Let p be -1 - (3 - (4 - 1)). Let t be (p/(-3))/((-3)/9). What is the units digit of 2 - (t + 0) - -8?
1
Let z be 3*(-1 + (-2)/(-3)). What is the tens digit of 11 - (3 + z)/2?
1
Let m = -46 + 80. What is the tens digit of m?
3
Let m = -2 - -4. Suppose 16 = m*h + 3*a, -4*h + 5*h - 11 = -3*a. What is the units digit of ((-5)/(-2))/h*18?
9
Let p be ((-3)/2)/(3/(-12)). Suppose p*o + 25 = 7*o. What is the tens digit of o?
2
Let z(x) = x - 3. Let f(m) = m**2 - 3. Let u(l) = -3*f(l) + 2*z(l). Let a be u(-2). Let r = 20 + a. What is the units digit of r?
7
What is the tens digit of (4284/(-48))/(3/(-8))?
3
Let k(a) = 4*a**2 + 4*a + 5. What is the tens digit of k(-2)?
1
Let c(z) be the first derivative of -z**2/2 - 4*z - 3. Let g be c(-6). Suppose b + j = 10, -2*b + g*j = -34 - 2. What is the units digit of b?
4
Let b = 20 - 14. What is the units digit of b?
6
Suppose -5*i = -4*c - 9 - 16, -i - 2*c = -5. Let n be (-8)/(-2) + (3 - i). What is the units digit of (-45)/(-6) + 1/n?
8
Let o(t) = t**3 - 3*t**2 - 6*t + 10. What is the units digit of o(5)?
0
Let s(d) = -3*d + 4*d - 2*d - 3. Let g be s(-5). Suppose -g*x = 2*b - 12, 6*b - 2*b = -x + 18. What is the units digit of x?
2
Let d(v) = -2*v - 7. Let g(x) = -x - 5. Let p(u) = 5*d(u) - 8*g(u). What is the units digit of p(-7)?
9
Suppose u + 12 = 3*u. Suppose 0 = d - 4*o + 2 - 20, 4*o = -3*d + u. Let s = 9 - d. What is the units digit of s?
3
Let r(f) be the third derivative of f**4/8 + f**3/6 + 3*f**2. Let t be 0 + ((-4)/(-2))/2. What is the units digit of r(t)?
4
Suppose -5*u - 3*j = -112, -4*u + 92 = 2*j + j. What is the tens digit of u?
2
Let d(f) = 6*f + 2. Let y(c) = 2*c**2 + 2*c. Let a be y(-2). What is the units digit of d(a)?
6
Suppose -4*s - 45 = s. What is the tens digit of 2/3 - 84/s?
1
Suppose 2*j - h + 43 = 3*j, 5*h + 145 = 4*j. What is the tens digit of j?
4
What is the tens digit of (3 - -14)/((-1)/(-3))?
5
What is the tens digit of (-4)/(3 - 1) + 65?
6
Let u(v) = -v**3 - v**2 + 5. Let a(j) = j - 4. Let c be a(4). What is the units digit of u(c)?
5
Suppose -7 + 2 = -d. Let a be d/(2/(-2))*-2. Suppose 95 = 5*i + a. What is the units digit of i?
7
Let c(j) = -j - 11. Let a be c(-7). What is the tens digit of (-306)/4*a/6?
5
Let p(c) = 2*c + 6. Let v be p(-6). Let f be (-6)/(-1 + v/(-8)). Suppose 0 = 5*y - y - f. What is the units digit of y?
6
Let p(w) = -5*w**2 + 5 - 3 - 3 + 4*w**2. Let l(h) = 4*h**2 - h + 16. Let a(m) = l(m) + 5*p(m). What is the tens digit of a(0)?
1
Let k be (18/(-3))/(-2)*5. Suppose -k = 2*o - 59. Suppose 72 - o = 5*a. What is the tens digit of a?
1
Suppose 0 = z - 2*z. Let w be (0 + z)*(-3)/(-6). Suppose w*l + 15 = l. What is the units digit of l?
5
Suppose -4*a = -20, 2*a + 178 = -p + 3*p. What is the units digit of p?
4
Let o = -5 - -13. What is the units digit of o/(-2 - 8/(-3))?
2
Suppose 5*o - 75 = 5*b, -4*o = -b - 26 + 5. Let a = b - -21. What is the units digit of ((-4)/a)/(1/(-18))?
9
Let p = 8 - 3. Suppose -46 = -p*m + 24. What is the tens digit of m?
1
Suppose 6*m - 9*m = -627. What is the tens digit of m?
0
Suppose 5*u + 6 = 2*u. What is the tens digit of (5/u)/(3/(-42))?
3
Let w(t) = t**2 + 4*t. Let r be 1/(-4) + (-38)/8. Let j be w(r). What is the units digit of 36/15 - 2/j?
2
Let n = -50 + 73. What is the tens digit of n?
2
Let g = 62 - 17. What is the units digit of g?
5
Let c = -8 - -11. Suppose -16 = 4*m - 4*t, 0*t + 2*t = -c*m - 17. Let x(v) = v**3 + 6*v**2 + 4*v + 1. What is the units digit of x(m)?
6
Let p be (-34)/(-8)*44/11. What is the units digit of 1*p + (-15 - -12)?
4
Suppose -a = 2*a + 2*n - 7, -17 = -3*a - 4*n. What is the tens digit of (0 - a) + 0 + 11?
1
Suppose w - 6 = -2. Suppose -48 = -w*m + m. What is the units digit of m?
6
Suppose 382 = -7*a + 1012. What is the tens digit of a?
9
Suppose -4*d - 42 = -266. What is the units digit of d?
6
Suppose -3*m = -3*j - 276, 0*m - 3*j = 5*m - 428. What is the tens digit of m?
8
Let h be 0/((-6)/9*-3). Suppose v + 6 = 2, h = l - 4*v - 21. What is the units digit of l?
5
Let w = 18 - -61. What is the tens digit of w?
7
Let r(d) = -d**3 - 2*d**2 + 4*d - 6. Let f be 1/((-20)/16 + 1). What is the tens digit of r(f)?
1
Let x(b) = 2*b**2 + 3. Let l be x(6). Suppose -27 + 12 = 5*f, k = 5*f + 17. Suppose -s - k*c - 75 = -6*s, 2*c = -5*s + l. What is the units digit of s?
5
Let a be (-4)/14 - 666/21. Let r = a - -65. What is the tens digit of r?
3
Suppose -s - 2*s = -45. Let j = 44 - s. What is the tens digit of j?
2
Let y(i) = -i**2 - 7*i + 7. Let v be y(-6). Let h = v + -4. What is the units digit of h?
9
Suppose 3*q + 9 - 45 = 0. What is the units digit of 3/q*-5*-4?
5
Let c be (24/(-32))/((-1)/8). Let p = c + 19. What is the tens digit of p?
2
Let s be (4/(-2))/(-1) - -2. Let r be (-1)/(-4) + 105/28. What is the units digit of (-2)/r + 22/s?
5
Suppose -f = -2*q - 2*q - 229, 4*f - 826 = -2*q. What is the tens digit of f?
0
Suppose 19*m - 2048 = 3*m. What is the hundreds digit of m?
1
Let z(d) = 6*d - 4. What is the tens digit of z(9)?
5
Suppose -4*v + 5*t - 19 = 11, 2*t - 36 = 4*v. What is the units digit of (-20)/(-50) - 166/v?
7
Let z = -348 - -507. What is the units digit of z?
9
Suppose 2*s - 4*q = 22, -4*q = -3*s + 52 - 11. What is the units digit of s?
9
Let n(i) = -i**3 + 5*i**2 + 3*i + 4. What is the tens digit of n(5)?
1
What is the units digit of (-35)/(-2) - 6/36*-3?
8
Let v(h) = h**3 + 6*h**2 + 4*h - 3. Let i be v(-5). Let o = i + 1. Suppose -o*u = -9 + 3. What is the units digit of u?
2
Let v = -26 - -62. What is the units digit of v?
6
Let a(y) = y**2. Let j(f) = f**3 + 4*f**2 - f - 2. Let d(r) = 5*a(r) - j(r). Let m be d(2). Suppose 2*h - 24 - 12 = m. What is the units digit of h?
8
Suppose -28 + 202 = 3*r. Suppose 4*a + 5*u - 167 = 0, 0 = 3*a + 4*u - r - 67. What is the tens digit of a?
4
Let g(f) = -2*f - 11. Let s be g(-8). Suppose 41 = 3*d + s*v, 9*d - 4*d - 27 = 2*v. What is the units digit of d?
7
Let y = 65 - 25. What is the units digit of y?
0
Suppose f = 6*f - 80. Let n = -9 + f. What is the units digit of n?
7
Let s(t) = t**2 + 11*t - 16. Let o be s(-12). Let c = 0 + o. What is the tens digit of 2/c*-11*2?
1
Suppose -4*g + 116 = 4*b, 0 = -g - 0*g + b + 25. Let c = g - 16. What is the units digit of c?
1
Let o be (180/35)/(4/224). What is the units digit of 4/20 - o/(-10)?
9
Let a(f) = f**3 + 9*f**2 - 12*f + 1. What is the tens digit of a(-10)?
2
Suppose 0 = 4*f + 4*r - 932, 5*r = 2*f - 4*f + 472. What is the hundreds digit of f?
2
Suppose -s = 5 - 8. What is the units digit of (s/(-3) - -3) + 3?
5
Suppose 0*c = 3*c - 252. Let i = c - 55. What is the tens digit of i?
2
Let g be 2 + (0 - 1/(-1)). Suppose g*j = -0*j - 12. Let o = 11 + j. What is the units digit of o?
7
Let r be 40/6 - (-3)/9. Let v = r - 15. Let i = -4 - v. What is the units digit of i?
4
Let u(f) = -f + 2. Suppose -2*v - 28 = 4. Let l be (2/4)/(2/v). What is the units digit of u(l)?
6
Suppose -n + 81 = 2*n. What is the tens digit of 318/n + 2/9?
1
Let l = 289 + -121. What is the units digit of l?
8
Suppose 3*s = -5*j + 394, 2*j + s + s = 156. What is the tens digit of j?
8
Let h(m) = -m + 6. Let c be h(7). Let j(b) = -12*b. What is the units digit of j(c)?
2
Let l = 5 + 13. Let c = -6 + l. What is the units digit of c?
2
Suppose -5 = -3*k + 4. Let j be (5/k)/(7/21). Suppose -2*f - f = 5*h - 39, 0 = -3*f + j*h + 69. What is the tens digit of f?
1
Suppose r - 8 = -x, 0 = 2*x - 0*x - 2*r. Suppose 0 = -3*q + 2*q + x. Suppose 0 = -s - q*s + 35. What is the units digit of s?
7
Let f = -16 + 10. What is the units digit of (f/4)/(6/(-16))?
4
Let c(i) = i + 2. Let o be c(4). What is the units digit of (-1*o)/(2/(-5))?
5
What is the units digit of 2 - (6/(-3) + 1)/1?
3
Let j be (4/(-3))/(-